vided by p.
6
Let l(m) = 16*m + 5. Calculate the remainder when 347 is divided by l(3).
29
Suppose 2*d = 4*d - p - 13, 0 = -d + p + 4. Let y(u) = u**2 - 6*u - 13. Calculate the remainder when (-4)/(-3) + (-2934)/(-27) is divided by y(d).
12
Suppose 61 = i - 57. Let a be 7/28 + 3 + 52/(-16). Suppose -5*y = a, 3*q + 80 = 7*q - 2*y. What is the remainder when i is divided by q?
18
Suppose -4*i = -2*z - 257 + 205, -z - 54 = -4*i. What is the remainder when 2056 is divided by i?
12
Suppose 0 = 4*n, 2*r + 4*n = 7*r + 30. Let v = 20 + r. Suppose 55*g - 134 = 50*g + 3*p, 3*p + 34 = g. Calculate the remainder when g is divided by v.
11
Let b = 4983 + -3534. What is the remainder when b is divided by 73?
62
Let s(p) = -p**2 + 18*p + 479. Calculate the remainder when s(24) is divided by 15.
5
Suppose 4*g + 2*w = 420, -4*g + 2*w = -w - 420. Suppose 4*c + 321 + 547 = 0. Let l = c - -244. Calculate the remainder when g is divided by l.
24
Let s(r) = 44*r + 1724. What is the remainder when 2178 is divided by s(-39)?
2
Suppose -3*l + 3 = -q, -3*q - 6*l = -3*l - 3. Suppose 3*g = 2*n + 71, 4*n - n - 6 = q. What is the remainder when 123 is divided by g?
23
Suppose -7*s + 3*s + 638 = -2*o, -4*o - 177 = -s. Let a = s - 127. What is the remainder when 147 is divided by a?
27
Suppose -q = -6*q + 10. Let d(s) = s**3 + 4*s**2 - 7*s + 4. What is the remainder when 53 is divided by d(q)?
11
Let t be (2/(-3) + 0)/(7/(-21)). Suppose t*a = 5*a - 222. Suppose a + 270 = 3*o + 4*h, -4*o = -4*h - 412. What is the remainder when o is divided by 14?
10
Let p(t) be the third derivative of t**6/120 - t**5/15 + t**4/4 - 9*t**2. Calculate the remainder when (15 + -5)/40*(0 + 284) is divided by p(4).
23
Suppose -2*y + k = -17921, -6*k + 11*k + 9001 = y. Calculate the remainder when y is divided by 13.
12
Let u = -4562 + 4637. Calculate the remainder when 196 is divided by u.
46
Let u = -154164 - -154181. Let b(q) = 2*q**2 + 7*q - 7. Calculate the remainder when b(5) is divided by u.
10
Let m(x) = 26*x - 177. Let s be m(7). Suppose -3*q = 3*v - 123, -q + s*v - 4*v + 35 = 0. What is the remainder when q is divided by 3?
2
Suppose 0 = -21*r + 1 - 1. Suppose r = 31*h - 20*h - 154. What is the remainder when h is divided by 10?
4
Suppose -5*w - 4*y = 44, -4*y - 5 = w + 7. Let i = 3111 + -3099. What is the remainder when 684/w*4/(-6) is divided by i?
9
Let p(g) = 2*g**2 + g - 1. Let y(z) = -8*z**2 + 35*z + 1. Let n(d) = 2*p(d) + y(d). Calculate the remainder when 28 is divided by n(9).
4
Let n(i) = 2*i + 1. Let z(t) = 11*t - 52. Let k(j) = 5*n(j) - z(j). Calculate the remainder when k(-17) is divided by 19.
17
Let d(j) = j**3 - 18*j**2 + 11*j - 38. Let a be d(18). Let l(s) = -123*s**3 + s**2 + s + 1. Calculate the remainder when l(-1) is divided by a/9 - 38/(-171).
16
Suppose -3*n - 4*d + 324 + 96 = 0, 3*n + 2*d = 426. Let t = 60 + n. Calculate the remainder when t is divided by 23.
20
Let c(o) = 22*o - 146. Calculate the remainder when c(27) is divided by 27.
16
Let v = -108 + 108. Suppose -k - 5*s + 126 = v, 7*k = 6*k - 4*s + 131. Calculate the remainder when k is divided by 38.
37
Suppose -5*w = -4*g + 1246, -430 = -2*g + 5*w + 188. Suppose 315*h - g*h - 66 = 0. What is the remainder when h is divided by 35?
31
Let a(l) = -7*l**2 - 3*l + 14. Let q be a(9). Let d = 771 + q. Calculate the remainder when d is divided by 64.
63
Calculate the remainder when 613 is divided by (-532)/(-12) + 18/27.
28
Suppose -q = -4*q - 2*l + 40, 5*l = -4*q + 58. Let s(y) = 19 - q - y**3 - 9*y**2 - 5 - 14*y - 2*y**2. Calculate the remainder when s(-10) is divided by 13.
3
Let p(i) = -5190 + 5246 - 10*i + i. What is the remainder when 23 is divided by p(4)?
3
Let z(x) = 24*x**2 + 346*x + 688. What is the remainder when 571 is divided by z(-2)?
19
Suppose 101033 - 30653 = 60*m. What is the remainder when m is divided by 28?
25
Let x = -66 + 113. What is the remainder when (34/119)/(-12*(-4)/31248) is divided by x?
45
Let w = -49 + 40. Let b be (-12)/w*15/10*7. Calculate the remainder when 19 is divided by 4/(-14) - (-158)/b.
8
Let v = 10201 + -9873. Let j = 142 + -76. What is the remainder when v is divided by j?
64
Suppose -18 = 3*r, -468*m = -465*m - 5*r - 29343. Calculate the remainder when m is divided by 14.
13
Let a = -41 + 51. Suppose 38 = a*l - 12. What is the remainder when 5 is divided by l?
0
Let r = 311 - 170. Calculate the remainder when r is divided by ((-52)/65)/(4/(-90)) + 6.
21
Suppose 587 = 8*s - 4*s - 3*g, 5*g + 581 = 4*s. What is the remainder when s is divided by 31?
25
Let v = 140 - 118. Suppose -6*p + 5*p + v = 0. What is the remainder when 51 is divided by p?
7
Let r be 9 + -8 - (-4)/(-2). What is the remainder when ((-16)/(-20))/(2/20) is divided by r/(10/(-12))*(-20)/(-6)?
0
Let d = 32874 + -30607. Calculate the remainder when d is divided by 32.
27
Suppose 0 = -2*n + 12, 7*z - 6*z = 4*n + 28. Calculate the remainder when 557 is divided by z.
37
Let v(u) = u - 37. Calculate the remainder when v(189) is divided by 109.
43
Let k = 41 - 75. What is the remainder when 6 + (-17)/(k/56) is divided by 19?
15
Let l(p) = p**2 + 3*p - 1. Calculate the remainder when (8/(-20))/(12/(-1800)) is divided by l(-4).
0
Let f be ((-3696)/(-45) - 4/12)*5. Let h = f + -340. Calculate the remainder when h is divided by 27.
15
Let x be -5 - 384 - (1 - 9). Let w = 553 + x. What is the remainder when w is divided by 59?
54
What is the remainder when 6*3/24*-4 - -95 is divided by 114/(-8)*24/(-18)?
16
Calculate the remainder when 5907 is divided by 26/(-195) + ((-689)/(-52))/(30/32).
13
Suppose 75*q + 0*q + 1599 = 13299. Calculate the remainder when 301 is divided by q.
145
Let r(k) = -3*k**3 - k**2 + 263*k + 1287. Calculate the remainder when r(-5) is divided by 53.
4
Let w(x) = x**3 + 33*x**2 - 115*x + 49. Calculate the remainder when 1218 is divided by w(-36).
14
Let y = 458 - 360. Calculate the remainder when 21558 is divided by y.
96
Suppose -40 = -3*m + 4*o, 5*m + 126*o - 128*o - 34 = 0. What is the remainder when 281 is divided by m?
1
Suppose 0 = 29*y - 8*y - 595 + 70. Calculate the remainder when 87 is divided by y.
12
Suppose -6 - 14 = -4*c. Suppose -5*q - 3*o + 5 + 7 = 0, 19 = c*q - 4*o. Suppose -187 = -q*b + 8. What is the remainder when b is divided by 17?
14
Suppose -11 = -2*f - 5*d, 0 = 2*f - 2*d + 7 - 39. Let w = -85 + 127. Suppose -16*u + w = -f*u. What is the remainder when u is divided by 5?
4
Let s = 259 + -202. Let w(z) = z**3 - 11*z**2 - 11*z + 7. Calculate the remainder when s is divided by w(12).
0
Let c = -1292 - -1312. Let k(w) = -3*w. Let a be k(-3). What is the remainder when (-15)/c*(-132)/a is divided by 7?
4
Let g(o) = 61*o**2 + 25*o + 21. What is the remainder when 615 is divided by g(-1)?
45
Let b(y) = y**2 - 13*y + 7. Let j be b(10). Let x = j + 28. Calculate the remainder when 2712/72 - 2/(-6) is divided by x.
3
Suppose -2*o - 14 = -2*r, 6*o - o - 15 = -5*r. Suppose -4*s + 4*z = 2*z - 38, 0 = -r*s - 2*z + 52. Calculate the remainder when 46 is divided by s.
6
Let n = -226 + 307. Suppose n*u + 2152 = 89*u. What is the remainder when u is divided by 34?
31
Let r(u) = -u**3 - 28*u**2 - 175*u - 18. Calculate the remainder when 374 is divided by r(-8).
68
Calculate the remainder when (-23 - -14 - (5 - 2883)) + 2 is divided by 45.
36
Let n(r) = 6*r - 28. Let i be n(8). Let y = -16 + i. Calculate the remainder when 19 is divided by 41/y - (-1)/(-4).
9
Let p = 543 - 1042. Let d = p - -520. What is the remainder when 40 is divided by d?
19
Suppose -573*i + 89180 = 407*i. Let g = 60 - 35. Calculate the remainder when i is divided by g.
16
Calculate the remainder when (-18)/4*(-41050)/75 is divided by 145.
143
Suppose -3*v + 3495 = 2097. Let a(w) = -2*w + 8. Calculate the remainder when v is divided by a(-9).
24
What is the remainder when -1 + 446 - (51/8 - (-6)/(-16)) is divided by 142?
13
Let b(k) = 72*k + 1846. Calculate the remainder when 506 is divided by b(-25).
0
Suppose 0 = -3*j - 3, -8*c + 3*c + 2702 = -2*j. Suppose -65*s + 75*s = c. Calculate the remainder when s is divided by 23.
8
Suppose -414*j + 5*y + 489 = -410*j, 4*y + 20 = 0. Calculate the remainder when j is divided by 34.
14
Let u = 9975 - 9832. Calculate the remainder when 286 is divided by u.
0
Suppose -5*b = -